{"id":249,"date":"2023-08-22T16:42:24","date_gmt":"2023-08-22T16:42:24","guid":{"rendered":"https:\/\/misucursalonline.com\/ismerely\/?post_type=product&#038;p=249"},"modified":"2024-08-06T12:14:48","modified_gmt":"2024-08-06T18:14:48","slug":"revenue-juice","status":"publish","type":"product","link":"https:\/\/misucursalonline.com\/ismerely\/producto\/revenue-juice\/","title":{"rendered":"Revenue Juice"},"content":{"rendered":"<p><span style=\"color: #ec5598;\"><strong>Revenue Juice Noni y Mangost\u00e1n<\/strong><\/span><\/p>\n<p><span style=\"color: #ec5598;\"><strong>Forma de Uso: <\/strong><\/span>Tomar una copita por la ma\u00f1ana y otra por la noche.<\/p>\n<p><span style=\"color: #ec5598;\"><strong>Ingredientes<\/strong><\/span><\/p>\n<p><span style=\"color: #ec5598;\"><strong>Goji:<\/strong><\/span> Excelente antioxidante. Ayuda a regenerar c\u00e9lulas nuevas en nuestro cuerpo, aumenta las defensas, y aporta hierro y vitaminas.<\/p>\n<p><span style=\"color: #ec5598;\"><strong>Mangost\u00e1n:<\/strong><\/span> Mejora la concentraci\u00f3n, mejora la circulaci\u00f3n, combate el v\u00e9rtigo, los mareos y los malestares del periodo. Rico en vitaminas y minerales.<\/p>\n<p><span style=\"color: #ec5598;\"><strong>Guaran\u00e1:<\/strong><\/span> Nivela el az\u00facar en sangre, limpia los\u00a0 vones y el h\u00edgado. Es un gran energ\u00e9tico.<\/p>\n<p>Goji, mangost\u00e1n, guaran\u00e1, noni, t\u00e9 verde, ar\u00e1ndano, vitamina A, D3, y E, estevia, tiamina, \u00e1cido f\u00f3lico, equinacea, graviola, goma xantana, semilla de uva, sorbato de potasio, vitamina B3,<br \/>\n\u00e1cido c\u00edtrico, tamarindo, mango, guayaba y agua.<\/p>\n","protected":false},"excerpt":{"rendered":"<p><span style=\"color: #ec5598;\"><strong>Revenue Juice Noni y Mangost\u00e1n<\/strong><\/span><\/p>\n<p><span style=\"color: #ec5598;\"><strong>C\u00f3digo:<\/strong> <\/span>PT733<\/p>\n<p><span style=\"color: #ec5598;\"><strong>Presentaci\u00f3n:<\/strong><\/span>\u00a0 Frasco con\u00a0 1 lt<\/p>\n<p><strong><span style=\"color: #ec5598;\">Beneficios:<\/span><\/strong><\/p>\n<p>Excelente antioxidante, aumenta la energ\u00eda,\u00a0 evita cansancio e insomnio. Reduce el az\u00facar en la sangre, estabiliza la presi\u00f3n arterial.\u00a0 Fortalece el coraz\u00f3n, h\u00edgado, ri\u00f1ones y p\u00e1ncreas. Previene la oxidaci\u00f3n celular, los s\u00edntomas causados por la edad, el c\u00e1ncer y enfermedades autoinmunes.<\/p>\n","protected":false},"featured_media":143,"template":"","meta":[],"product_brand":[],"product_cat":[40],"product_tag":[78,44,126,129,128,88,125,130,127,71],"class_list":{"0":"post-249","1":"product","2":"type-product","3":"status-publish","4":"has-post-thumbnail","6":"product_cat-bienestar-integral","7":"product_tag-antioxidante","8":"product_tag-bienestar-integral","9":"product_tag-cansancio","10":"product_tag-corazon","11":"product_tag-disminuye-presion-arterial","12":"product_tag-higado","13":"product_tag-insomnio","14":"product_tag-pancreas","15":"product_tag-reduce-nivel-de-azucar","16":"product_tag-rinones","18":"first","19":"instock","20":"shipping-taxable","21":"purchasable","22":"product-type-simple"},"_links":{"self":[{"href":"https:\/\/misucursalonline.com\/ismerely\/wp-json\/wp\/v2\/product\/249","targetHints":{"allow":["GET"]}}],"collection":[{"href":"https:\/\/misucursalonline.com\/ismerely\/wp-json\/wp\/v2\/product"}],"about":[{"href":"https:\/\/misucursalonline.com\/ismerely\/wp-json\/wp\/v2\/types\/product"}],"wp:featuredmedia":[{"embeddable":true,"href":"https:\/\/misucursalonline.com\/ismerely\/wp-json\/wp\/v2\/media\/143"}],"wp:attachment":[{"href":"https:\/\/misucursalonline.com\/ismerely\/wp-json\/wp\/v2\/media?parent=249"}],"wp:term":[{"taxonomy":"product_brand","embeddable":true,"href":"https:\/\/misucursalonline.com\/ismerely\/wp-json\/wp\/v2\/product_brand?post=249"},{"taxonomy":"product_cat","embeddable":true,"href":"https:\/\/misucursalonline.com\/ismerely\/wp-json\/wp\/v2\/product_cat?post=249"},{"taxonomy":"product_tag","embeddable":true,"href":"https:\/\/misucursalonline.com\/ismerely\/wp-json\/wp\/v2\/product_tag?post=249"}],"curies":[{"name":"wp","href":"https:\/\/api.w.org\/{rel}","templated":true}]}}